{"id":26,"date":"2013-09-08T21:27:17","date_gmt":"2013-09-08T19:27:17","guid":{"rendered":"http:\/\/freest.be\/?page_id=26"},"modified":"2013-09-08T21:27:17","modified_gmt":"2013-09-08T19:27:17","slug":"hebergement","status":"publish","type":"page","link":"https:\/\/freest.be\/?page_id=26","title":{"rendered":"Hebergement"},"content":{"rendered":"<p>Solution d&#8217;h\u00e9bergement \u00e0 votre mesure:<\/p>\n<p>-Sites web \u00e0 usage priv\u00e9<\/p>\n<p><span style=\"line-height: 1.5;\">-Sites web pour professionels<\/span><\/p>\n<p>Espace de stockage en ligne type Cloud<\/p>\n<p>Serveurs d\u00e9dicac\u00e9s<\/p>\n<p>&nbsp;<\/p>\n<p><a title=\"Accueil\" href=\"https:\/\/freest.be\/\">Retour \u00e0 la page d&#8217;accueil<\/a><\/p>\n","protected":false},"excerpt":{"rendered":"<p>Solution d&#8217;h\u00e9bergement \u00e0 votre mesure: -Sites web \u00e0 usage priv\u00e9 -Sites web pour professionels Espace de stockage en ligne type Cloud Serveurs d\u00e9dicac\u00e9s &nbsp; Retour \u00e0 la page d&#8217;accueil<\/p>\n","protected":false},"author":2,"featured_media":0,"parent":0,"menu_order":0,"comment_status":"closed","ping_status":"closed","template":"","meta":{"footnotes":""},"_links":{"self":[{"href":"https:\/\/freest.be\/index.php?rest_route=\/wp\/v2\/pages\/26"}],"collection":[{"href":"https:\/\/freest.be\/index.php?rest_route=\/wp\/v2\/pages"}],"about":[{"href":"https:\/\/freest.be\/index.php?rest_route=\/wp\/v2\/types\/page"}],"author":[{"embeddable":true,"href":"https:\/\/freest.be\/index.php?rest_route=\/wp\/v2\/users\/2"}],"replies":[{"embeddable":true,"href":"https:\/\/freest.be\/index.php?rest_route=%2Fwp%2Fv2%2Fcomments&post=26"}],"version-history":[{"count":0,"href":"https:\/\/freest.be\/index.php?rest_route=\/wp\/v2\/pages\/26\/revisions"}],"wp:attachment":[{"href":"https:\/\/freest.be\/index.php?rest_route=%2Fwp%2Fv2%2Fmedia&parent=26"}],"curies":[{"name":"wp","href":"https:\/\/api.w.org\/{rel}","templated":true}]}}